. What are the prime factors of v?
2, 11, 17
Let v(j) = j**2 + 6*j + 1. Let c be v(-7). Let z = 3 - c. What are the prime factors of 268 - (20/z - -8)?
2, 3, 11
Let n(w) = -98*w + 179. List the prime factors of n(-52).
5, 211
Let s = 201 + -204. List the prime factors of s/5 - 19860/(-100).
2, 3, 11
What are the prime factors of 33/99 - 40870/(-15)?
5, 109
Let r = 5945 + -5264. What are the prime factors of r?
3, 227
Let i = 37163 - 28250. What are the prime factors of i?
3, 2971
Let x = -20661 + 39575. What are the prime factors of x?
2, 7, 193
Suppose -183*r + 293308 = -205572 + 25276. What are the prime factors of r?
2, 647
Let l(c) = -c**3 + 25*c**2 + 63*c + 32. Let p be l(27). Suppose 2*i - 4*f = 1152, -3*i + 2017 - p = f. What are the prime factors of i?
2, 5, 29
Let v be 4648/9 - (9 + 154/(-18)). Let w = -455 + v. List the prime factors of w.
61
Suppose 4*k = -2*x + 2, -3*k + 4*k - 3 = 2*x. Let g be (4 + 4)*1*x. What are the prime factors of (76*g/(-40))/(2/20)?
2, 19
Let o = 16 - 12. Suppose 3*i = o + 38. Suppose 19*g - 290 = i*g. List the prime factors of g.
2, 29
Let u = -635 - 186. Let n = u + 1811. List the prime factors of n.
2, 3, 5, 11
Let g(o) = 1845*o + 27396. What are the prime factors of g(0)?
2, 3, 761
Suppose 36*t - 935542 = -49*t + 1621598. List the prime factors of t.
2, 3, 23, 109
Suppose n - 3 = -1. Suppose -4 = -n*p + 32. Suppose -16*o + p*o = 156. What are the prime factors of o?
2, 3, 13
Suppose -5*f + 92375 - 21905 = -t, -5*f - 5*t + 70470 = 0. What are the prime factors of f?
2, 3, 29
Suppose -7681 = 14*p - 30277. List the prime factors of (-6)/48*6 + p/8.
3, 67
Suppose r - 2 = 3*r, 5*z = -3*r - 783. Suppose -22*c + 3096 = -58*c. Let f = c - z. What are the prime factors of f?
2, 5, 7
Let x be (0 - (-5 + -1)) + 0. Suppose 41*v + 81 = 69*v - v. Suppose -2*f + 266 = -p, v*f - 388 = -x*p + 2*p. List the prime factors of f.
2, 3, 11
Let s = -40 - -40. Suppose s = 5*w - o + 67, -3*w + 8*w = -5*o - 85. Let a(k) = k**2 + 10*k + 45. What are the prime factors of a(w)?
101
Let i = 20897 + -9258. List the prime factors of i.
103, 113
Let a(c) = 168*c + 44. Let r(o) = o**3 + 8*o**2 + 8*o + 16. Let g be r(-7). Let p(b) = 42*b + 11. Let m(t) = g*p(t) - 2*a(t). List the prime factors of m(5).
13, 17
Suppose -4*l + 2*y = -169298, 2*l - 41478 = -3*y + 43167. What are the prime factors of l?
2, 3, 3527
Suppose 0 = 5*q + 3*a + 39 - 481, 4*q - 352 = -4*a. What are the prime factors of q?
89
Let a be 5/30 + ((-4109)/(-6))/7. Let q = 107 - a. List the prime factors of ((-156)/q)/((-16)/(-6) + -3).
2, 13
Let l be (-10)/(4 + (-41)/10). Suppose 108*n - 4504 = l*n. What are the prime factors of n?
563
Let j(k) = -k**3 + 17*k**2 - 19*k + 61. Let f be j(16). Suppose 19*n - 1044 = f*n. What are the prime factors of n?
2, 3, 29
Let j = -111 - -115. Suppose -j*c + 10*c - 828 = 0. Suppose -82 = -2*s + g + 182, -s - g = -c. List the prime factors of s.
2, 67
Let r(a) = 46423*a**2 + 8*a. Let m be r(2). What are the prime factors of 2/(-21) - m/(-714)?
2, 5, 13
Let g(h) = -2*h**2 + 274*h + 69. Let c(p) = -2*p**2 + 136*p + 34. Let m(o) = -13*c(o) + 6*g(o). List the prime factors of m(-8).
2, 3, 5, 31
Let p(a) = -a**3 - 3*a**2 - 5*a - 1. Let s be p(-2). Suppose -z + 200 = s*i - 26, 3*z + 2*i = 639. What are the prime factors of z?
211
Let l = -46059 - -66839. What are the prime factors of l?
2, 5, 1039
What are the prime factors of (-8)/(30/15445*(-9)/81)?
2, 3, 3089
Let x = -35274 - -42159. What are the prime factors of x?
3, 5, 17
Let y(k) = -k**3 - 39*k**2 - 9*k - 6. Let o(x) = -3*x**2 + 19*x + 1. Let z be o(8). What are the prime factors of y(z)?
3, 5, 23
List the prime factors of 3/4*(8/44 + 31301856/528).
3, 14821
Let k(r) = r**3 - r**2 - 57*r - 5. Let h be k(-7). Let j(w) = w**2 + 9*w + 7. Let f be j(-8). What are the prime factors of f/h - (-4)/(16/162)?
2, 5
Suppose -3*t - 8 = 40. Let w = t - -22. Suppose -4*s = -w - 306. What are the prime factors of s?
2, 3, 13
Let d = -3405 + 3493. List the prime factors of d.
2, 11
Let v be (56 - 2)*16/6. Suppose -198*w + 10 = -196*w. Suppose -c - 3*n + v = 60, 2*c - 163 = -w*n. List the prime factors of c.
3, 23
Suppose 21 = -3*j - 3*a - 0*a, 3*j + 2*a + 18 = 0. Let i = -392 - -394. What are the prime factors of i/j - (7 - 2331/14)?
3, 53
Suppose 76*y + 2 = 77*y. List the prime factors of ((-3)/(-1 + -5))/(y/88).
2, 11
Let z = 90 - 89. List the prime factors of 5 + z - (-235 - 22).
263
Suppose 8*s - 20*s = -7296. Suppose 14*x + s = 10*x. Let o = x + 382. What are the prime factors of o?
2, 5, 23
Let i(a) = -46*a - 2. Let v(j) = 1. Let d(x) = -i(x) + 2*v(x). Let u be d(6). Suppose -u = 18*r - 22*r. What are the prime factors of r?
2, 5, 7
Let r be 159/(-12*6/(-264)). Let w = r + -67. What are the prime factors of w?
2, 3, 43
Let a = 13324 + 3047. List the prime factors of a.
3, 17, 107
Let i(o) = -5*o**3 - 7*o**2 - 8*o. Let r be 5/((-45)/(-12))*(5 - 8). Let c be i(r). What are the prime factors of (2*(-3)/(-15))/(3/c)?
2
Suppose 3*j - 3100 = -2*k + 5*j, 5*j = -k + 1538. Suppose -k = -17*p + 9502. List the prime factors of p.
2, 5, 13
Let r be ((-15)/(-30))/((-1)/(-12)). Let g = 8 - r. Suppose -3*t = l - 258, -g*l + 20 = t - 66. List the prime factors of t.
2, 43
Let z(y) = -y**2 + 34*y - 205. Let m be z(26). Suppose -57*j = -58*j + w + 543, -5*j + 2683 = m*w. What are the prime factors of j?
7, 11
Let k be (16/5)/((-1)/(-5)). Let n(o) = -o**3 - 18*o**2 - 2*o - 374. Let h be n(-19). Suppose -k = m - h. List the prime factors of m.
3
Let o = 94 - 45. Let y = o - 47. What are the prime factors of 57/3*1 - 0 - y?
17
Let p be (-1)/(-7) - (-4500)/(-140). Let f be (-1)/4 + (-168)/p. List the prime factors of 4/(-10) - (-427)/f.
5, 17
Let o be (26/(-18) - (-24)/54) + 625. Let u = -423 + o. What are the prime factors of u?
3, 67
Suppose s + 2*b + 26 = 0, -4*b + 0*b + 116 = -5*s. Let r(k) = k + 34. Let d be r(s). List the prime factors of 218 - (42/(-30) + (-6)/d).
2, 5, 11
Suppose -1565*w + 76244 = -1551*w. List the prime factors of w.
2, 7, 389
Let r = -42 + 25. What are the prime factors of -1 + 32 + (-16 - r)?
2
Let d(w) = 2*w - 20. Let g be d(11). Let j be -8*(-1)/g - -4. Suppose 12*u = j*u + 208. List the prime factors of u.
2, 13
Let q = -1238 + 2014. List the prime factors of q.
2, 97
Suppose -c - 8*c + 297 = 0. Suppose -15*p = -11*p - 96. Let j = c - p. What are the prime factors of j?
3
Let d be 24/(6 + -14) - -8. Suppose 1909 - 534 = d*b. What are the prime factors of b?
5, 11
Let j = 547 - 324. Suppose 0 = 3*r - 721 + j. List the prime factors of r.
2, 83
Let q = -7129 + 9181. What are the prime factors of q?
2, 3, 19
Let h = -5690 + 3267. Let i = -1565 - h. What are the prime factors of i?
2, 3, 11, 13
Suppose -2*h + 6 = -5*v + 3*v, h - 4*v = 6. List the prime factors of 4 - (-3 + h - (486 + -5)).
2, 3
Let g(a) = -96*a - 16. Let y(d) = 191*d + 32. Let c(r) = -5*g(r) - 3*y(r). What are the prime factors of c(-7)?
5, 127
Suppose 11*h - 1648 = -75. What are the prime factors of h?
11, 13
What are the prime factors of (0 - 2)*(92 + -3610)?
2, 1759
Let n(l) = -7*l - 16. Let m(k) = -15*k - 32. Let y(q) = -2*m(q) + 5*n(q). Let f be y(-15). Suppose f = -4*c + 319. What are the prime factors of c?
5, 13
Suppose 4313 = -9*m + 497. Let w = m - -848. What are the prime factors of w?
2, 53
Let f(l) = 96*l**2 - 319*l - 1871. What are the prime factors of f(-6)?
3499
Suppose 28*m - 329312 = 20*m - 24*m. What are the prime factors of m?
41, 251
Suppose s + 2*m + 229 = 4*m, -4*s = -4*m + 912. Suppose -406 = -b - 5*k, 3*b - 1600 + 402 = -5*k. Let z = s + b. What are the prime factors of z?
13
Suppose -2*z + 4*z = -4*q - 430, -2*q - 224 = 4*z. List the prime factors of (49 + -44)/((-1)/q).
2, 5, 53
Suppose 516*p - 26734987 + 9603103 = 29607396. What are the prime factors of p?
2, 5, 7, 647
Let x = -21338 + 30229. What are the prime factors of x?
17, 523
Let s = 22 + -32. Let i be -2 + -2 - s - -2. Suppose -i*h + 10*h = 252. List the prime factors of h.
2, 3, 7
Suppose 157 = 11*j + 1268. Suppose 5*o + 516 = 1531. Let n = j + o. What are the prime factors of n?
2, 3, 17
Let b(a) = 508*a - 28. Let q be b(3). Suppose 35*w + q = 37*w. List the prime factors of w.
2, 11, 17
Suppose 86 = -3*r + 4514. Suppose -2*d - 4*i =